21895296487 a prime number?
True
Is 7891337579 a prime number?
True
Is 35057651 prime?
True
Is 3542888665 composite?
True
Is 2208109427 a composite number?
True
Is 33532028623 a prime number?
True
Is 170228791 prime?
True
Is 498183757 a prime number?
True
Is 14427662149 composite?
False
Is 4993749281 prime?
True
Is 213772387033 a prime number?
True
Is 502643873 prime?
False
Is 76289840797 a prime number?
True
Is 8132642543 composite?
True
Is 137826308777 composite?
False
Is 483240341 a composite number?
True
Is 1150351079 a composite number?
False
Is 5719375301 a prime number?
True
Is 5746151359 composite?
True
Is 1432822591 prime?
False
Is 483537829 prime?
False
Is 3769589599 prime?
True
Is 1936093767 a prime number?
False
Is 90347180195 a prime number?
False
Is 4779756283 prime?
True
Is 498075313 composite?
False
Is 28738924663 a prime number?
True
Is 3544375893 prime?
False
Is 3501358067 composite?
False
Is 3667141981 a composite number?
False
Is 36606787301 a composite number?
True
Is 46307890891 composite?
False
Is 1597570159 composite?
False
Is 46383944429 a prime number?
True
Is 26804940139 a composite number?
False
Is 10388213417 prime?
True
Is 260054345057 prime?
False
Is 22214283199 prime?
True
Is 254451049 prime?
True
Is 47753718679 a prime number?
True
Is 100249330715 a composite number?
True
Is 30054042545 prime?
False
Is 2148394187 composite?
False
Is 1189157471 a composite number?
True
Is 123055835627 prime?
True
Is 18206500513 composite?
True
Is 3288673 a prime number?
True
Is 955022767 a prime number?
False
Is 8184726457 prime?
True
Is 4824345907 prime?
True
Is 33339404545 prime?
False
Is 1015031111 prime?
True
Is 129017527589 a composite number?
True
Is 26196317915 a composite number?
True
Is 5985857063 a composite number?
True
Is 1498035229 a prime number?
False
Is 3376415573 a composite number?
False
Is 14858376317 composite?
False
Is 2221586629 composite?
True
Is 58594009 a composite number?
False
Is 3783260203 composite?
True
Is 61247411 prime?
True
Is 8091169591 a composite number?
False
Is 2810838403 a composite number?
False
Is 1352505841 composite?
False
Is 156784309163 prime?
False
Is 652935781 prime?
False
Is 286005007 a composite number?
False
Is 65682550595 a prime number?
False
Is 13125856141 composite?
True
Is 5191723307 a prime number?
False
Is 25208950043 a prime number?
True
Is 2765104841 a composite number?
False
Is 98050136011 prime?
True
Is 1024326451 a composite number?
True
Is 10941822055 a composite number?
True
Is 18024140557 a composite number?
False
Is 2480042729 prime?
True
Is 787847393 prime?
True
Is 5310636101 prime?
True
Is 37041493823 prime?
True
Is 1626242713 prime?
False
Is 3524549374 a prime number?
False
Is 4654533769 composite?
True
Is 255514019 prime?
False
Is 3994917833 prime?
True
Is 688609393 a prime number?
False
Is 1441266823 prime?
False
Is 1652858873 prime?
True
Is 68195294179 composite?
False
Is 12378724321 a prime number?
False
Is 13259948267 a prime number?
True
Is 785388407 prime?
True
Is 5895357227 a prime number?
True
Is 5037012577 prime?
False
Is 981281993 composite?
False
Is 1059846257 composite?
True
Is 1209565981673 a composite number?
True
Is 3056595167 prime?
False
Is 2575133129 prime?
False
Is 21081728851 a composite number?
True
Is 8518934407 composite?
True
Is 17814883 prime?
True
Is 452952919 a composite number?
False
Is 361874131 composite?
False
Is 115167595 a composite number?
True
Is 844686547 a prime number?
True
Is 4912116907 composite?
False
Is 155638998959 composite?
True
Is 17020177039 composite?
True
Is 23665410277 composite?
True
Is 14040346603 a composite number?
False
Is 1354529147 composite?
False
Is 1619648729 a prime number?
False
Is 22613077757 a prime number?
True
Is 8634047497 composite?
True
Is 26353252097 prime?
False
Is 1037241923 prime?
False
Is 511338930995 a prime number?
False
Is 141323769737 composite?
True
Is 976078421 a prime number?
True
Is 78174711337 composite?
True
Is 26066816513 a prime number?
False
Is 25821701329 composite?
True
Is 270271453 a prime number?
True
Is 124789433 a composite number?
True
Is 11654733347 a prime number?
True
Is 482657033 a prime number?
False
Is 15446930041 a composite number?
False
Is 15861825433 prime?
True
Is 318609293 a composite number?
False
Is 76965893401 composite?
False
Is 12597755311 a prime number?
True
Is 960336529 a prime number?
False
Is 453029971 prime?
False
Is 1430794109 a prime number?
True
Is 5900255657 prime?
True
Is 1684494443 composite?
True
Is 8059954447 composite?
False
Is 913977221 prime?
True
Is 50608034539 prime?
True
Is 110950583 composite?
True
Is 648633373 composite?
True
Is 7983349789 a prime number?
True
Is 72961871 a prime number?
True
Is 26853462241 prime?
True
Is 13979619785 a composite number?
True
Is 2678840911 a prime number?
True
Is 6694570303 prime?
True
Is 16450910689 a composite number?
False
Is 22753400199 composite?
True
Is 717438079 a prime number?
True
Is 1632299477 composite?
False
Is 50134036591 a prime number?
True
Is 50862403703 prime?
False
Is 7425935591 prime?
False
Is 4168751477 a composite number?
True
Is 30082880543 a composite number?
False
Is 1061843663 prime?
True
Is 3955304585 prime?
False
Is 12807458357 a composite number?
False
Is 16470637243 prime?
False
Is 234627981091 a prime number?
False
Is 5889045143 a prime number?
False
Is 685174027 a composite number?
True
Is 839085493 composite?
True
Is 11939803387 prime?
False
Is 771978359 composite?
False
Is 14913505261 prime?
True
Is 47048699842 prime?
False
Is 109209559 a composite number?
True
Is 28129328207 composite?
True
Is 34157526289 prime?
False
Is 126234167401 composite?
False
Is 86087347 a composite number?
True
Is 43849361 a prime number?
False
Is 37244029535 a prime number?
False
Is 2205133237 a prime number?
True
Is 3207330785 a prime number?
False
Is 12568339835 a composite number?
True
Is 339787061 composite?
False
Is 1325193227 a composite number?
False
Is 12265148737 a prime number?
False
Is 1657767011 a prime number?
True
Is 24591430819 a composite number?
False
Is 3826896011 composite?
True
Is 58875973679 a composite number?
False
Is 81499723 a composite number?
True
Is 403718047 composite?
True
Is 33373735829 a prime number?
False
Is 5306789041 a prime number?
True
Is 3343804171 composite?
True
Is 2851527813 a composite number?
True
Is 925453027 a composite number?
False
Is 1533417331 a composite number?
False
Is 308435353 composite?
False
Is 23962211239 a prime number?
True
Is 2175327929 composite?
False
Is 577630793 a prime number?
True
Is 7072646863 a composite number?
False
Is 2528255563 a prime number?
False
Is 106128707 prime?
True
Is 1623691631 prime?
False
Is 938596973 a composite number?
True
Is 98087249857 a composite number?
False
Is 3550473659 composite?
True
Is 5114261627 composite?
False
Is 5166908093 a prime number?
True
Is 1380231331 prime?
False
Is 229088449 composite?
False
Is 2027199359 composite?
False
Is 117694470497 a prime number?
False
Is 6857416219 a composite number?
False
Is 6590955527 composite?
True
Is 230906213 a composite number?
True
Is 173549837 a prime number?
True
Is 1262307143 a composite number?
True
Is 2841502681 composite?
True
Is 85686797921 a prime number?
True
Is 930340273 a prime number?
True
Is 181576243 composite?
False
Is 8323370827 composite?
True
Is 13963748993 composite?
True
Is 45971074873 composite?
True
Is 194361623 a prime number?
True
Is 9423777251 a composite number?
True
Is 312822493 prime?
True
Is 86085942451 composite?
True
Is 79306062841 a composite number?
True
Is 7674485323 prime?
True
Is 15826455409 a composite number?
False
Is 7019118305 composite?
True
Is 57878585 prime?
False
Is 4996703111 composite?
False
Is 221812147 a composite number?
False
Is 394372339 composite?
True
Is 2185924201 prime?
False
Is 36593176409 a composite number?
False
Is 24106203559 a prime number?
False
Is 1842671881 a prime number?
False
Is 1135695259 composite?
True
Is 511557493 prime?
False
Is 2634226787 composite?
False
Is 91499159 composite?
False
Is 215109334997 a prime number?
False
Is 672703 prime?
True
Is 112948519 composite?
False
Is 59128503521 a composite number?
False
Is 182734421 a prime number?
True
Is 45909317749 prime?
Tr